{"id":19,"date":"2018-05-22T12:49:28","date_gmt":"2018-05-22T12:49:28","guid":{"rendered":"http:\/\/sigeko-jena.de\/?page_id=19"},"modified":"2023-02-21T07:13:44","modified_gmt":"2023-02-21T07:13:44","slug":"leistung","status":"publish","type":"page","link":"https:\/\/sigeko-jena.de\/?page_id=19","title":{"rendered":"Leistungen"},"content":{"rendered":"<div class=\"entry-content\">\n<p><strong>Was sind meine Leistungen?<\/strong><\/p>\n<ul>\n<li>Vorank\u00fcndigung nach \u00a7 2 Abs.2 der Baustellenverordnung<\/li>\n<\/ul>\n<ul>\n<li>Anpassung der Vorank\u00fcndigung bei Notwendigkeit<\/li>\n<\/ul>\n<ul>\n<li>Zusammenarbeit mit Landesbetrieb f\u00fcr Arbeitsschutz und technischen Verbrauchsschutz<\/li>\n<\/ul>\n<ul>\n<li>Teilnahme an ausgew\u00e4hlten Baubesprechungen<\/li>\n<\/ul>\n<ul>\n<li>Ausarbeiten des Sicherheits- und Gesundheitsschutzplanes, (SiGe-Plan)<\/li>\n<\/ul>\n<ul>\n<li>Laufende Kontrollen der im SiGe-Plan festgelegten Ma\u00dfnahmen, Durchf\u00fchrung von Baustellenbegehungen ohne \/ mit vorheriger Ank\u00fcndigungen und Berichterstattung an Bauherrn oder an seinen festgelegten&nbsp; Vertreter. Die Anzahl der Kontrollen richtet sich nach der Notwendigkeit, aber mind. 7 Begehungen w\u00e4hrend der Bauzeit, eine Begehung innerhalb 3 Wochen.<\/li>\n<\/ul>\n<ul>\n<li>Aktualisierung und Fortschreibung des SiGe-Planes<\/li>\n<\/ul>\n<ul>\n<li>Bekanntmachen der&nbsp; SiGe-Planinhalte auf der Baustelle und Hinwirkung&nbsp; auf deren&nbsp;&nbsp; Einhaltung<\/li>\n<\/ul>\n<\/div>\n\n\n<div class=\"wp-block-contact-form-7-contact-form-selector\">\n<div class=\"wpcf7 no-js\" id=\"wpcf7-f56-o1\" lang=\"de-DE\" dir=\"ltr\">\n<div class=\"screen-reader-response\"><p role=\"status\" aria-live=\"polite\" aria-atomic=\"true\"><\/p> <ul><\/ul><\/div>\n<form action=\"\/index.php?rest_route=%2Fwp%2Fv2%2Fpages%2F19#wpcf7-f56-o1\" method=\"post\" class=\"wpcf7-form init\" aria-label=\"Kontaktformular\" novalidate=\"novalidate\" data-status=\"init\">\n<div style=\"display: none;\">\n<input type=\"hidden\" name=\"_wpcf7\" value=\"56\" \/>\n<input type=\"hidden\" name=\"_wpcf7_version\" value=\"5.7.4\" \/>\n<input type=\"hidden\" name=\"_wpcf7_locale\" value=\"de_DE\" \/>\n<input type=\"hidden\" name=\"_wpcf7_unit_tag\" value=\"wpcf7-f56-o1\" \/>\n<input type=\"hidden\" name=\"_wpcf7_container_post\" value=\"0\" \/>\n<input type=\"hidden\" name=\"_wpcf7_posted_data_hash\" value=\"\" \/>\n<\/div>\n<p><label> Dein Name<br \/>\n<span class=\"wpcf7-form-control-wrap\" data-name=\"your-name\"><input size=\"40\" class=\"wpcf7-form-control wpcf7-text wpcf7-validates-as-required\" autocomplete=\"name\" aria-required=\"true\" aria-invalid=\"false\" value=\"\" type=\"text\" name=\"your-name\" \/><\/span> <\/label>\n<\/p>\n<p><label> Deine E-Mail-Adresse<br \/>\n<span class=\"wpcf7-form-control-wrap\" data-name=\"your-email\"><input size=\"40\" class=\"wpcf7-form-control wpcf7-text wpcf7-email wpcf7-validates-as-required wpcf7-validates-as-email\" autocomplete=\"email\" aria-required=\"true\" aria-invalid=\"false\" value=\"\" type=\"email\" name=\"your-email\" \/><\/span> <\/label>\n<\/p>\n<p><label> Betreff<br \/>\n<span class=\"wpcf7-form-control-wrap\" data-name=\"your-subject\"><input size=\"40\" class=\"wpcf7-form-control wpcf7-text wpcf7-validates-as-required\" aria-required=\"true\" aria-invalid=\"false\" value=\"\" type=\"text\" name=\"your-subject\" \/><\/span> <\/label>\n<\/p>\n<p><label> Deine Nachricht (optional)<br \/>\n<span class=\"wpcf7-form-control-wrap\" data-name=\"your-message\"><textarea cols=\"40\" rows=\"10\" class=\"wpcf7-form-control wpcf7-textarea\" aria-invalid=\"false\" name=\"your-message\"><\/textarea><\/span> <\/label>\n<\/p>\n<p><input class=\"wpcf7-form-control has-spinner wpcf7-submit\" type=\"submit\" value=\"Senden\" \/>\n<\/p><p style=\"display: none !important;\"><label>&#916;<textarea name=\"_wpcf7_ak_hp_textarea\" cols=\"45\" rows=\"8\" maxlength=\"100\"><\/textarea><\/label><input type=\"hidden\" id=\"ak_js_1\" name=\"_wpcf7_ak_js\" value=\"148\"\/><script>document.getElementById( \"ak_js_1\" ).setAttribute( \"value\", ( new Date() ).getTime() );<\/script><\/p><div class=\"wpcf7-response-output\" aria-hidden=\"true\"><\/div>\n<\/form>\n<\/div>\n<\/div>\n","protected":false},"excerpt":{"rendered":"<p>Was sind meine Leistungen? Vorank\u00fcndigung nach \u00a7 2 Abs.2 der Baustellenverordnung Anpassung der Vorank\u00fcndigung bei Notwendigkeit Zusammenarbeit mit Landesbetrieb f\u00fcr Arbeitsschutz und technischen Verbrauchsschutz Teilnahme an ausgew\u00e4hlten Baubesprechungen Ausarbeiten des Sicherheits- und Gesundheitsschutzplanes, (SiGe-Plan) Laufende Kontrollen der im SiGe-Plan festgelegten Ma\u00dfnahmen, Durchf\u00fchrung von Baustellenbegehungen ohne \/ mit vorheriger Ank\u00fcndigungen und Berichterstattung an Bauherrn oder an seinen festgelegten&nbsp; Vertreter. Die Anzahl der Kontrollen richtet sich nach der Notwendigkeit, aber mind. 7 Begehungen w\u00e4hrend der Bauzeit, eine Begehung innerhalb 3 Wochen. Aktualisierung&#8230;<\/p>\n<p class=\"read-more\"><a class=\"btn btn-default\" href=\"https:\/\/sigeko-jena.de\/?page_id=19\">Weiterlesen<span class=\"screen-reader-text\"> Weiterlesen<\/span><\/a><\/p>\n","protected":false},"author":1,"featured_media":0,"parent":0,"menu_order":0,"comment_status":"closed","ping_status":"closed","template":"","meta":[],"_links":{"self":[{"href":"https:\/\/sigeko-jena.de\/index.php?rest_route=\/wp\/v2\/pages\/19"}],"collection":[{"href":"https:\/\/sigeko-jena.de\/index.php?rest_route=\/wp\/v2\/pages"}],"about":[{"href":"https:\/\/sigeko-jena.de\/index.php?rest_route=\/wp\/v2\/types\/page"}],"author":[{"embeddable":true,"href":"https:\/\/sigeko-jena.de\/index.php?rest_route=\/wp\/v2\/users\/1"}],"replies":[{"embeddable":true,"href":"https:\/\/sigeko-jena.de\/index.php?rest_route=%2Fwp%2Fv2%2Fcomments&post=19"}],"version-history":[{"count":3,"href":"https:\/\/sigeko-jena.de\/index.php?rest_route=\/wp\/v2\/pages\/19\/revisions"}],"predecessor-version":[{"id":62,"href":"https:\/\/sigeko-jena.de\/index.php?rest_route=\/wp\/v2\/pages\/19\/revisions\/62"}],"wp:attachment":[{"href":"https:\/\/sigeko-jena.de\/index.php?rest_route=%2Fwp%2Fv2%2Fmedia&parent=19"}],"curies":[{"name":"wp","href":"https:\/\/api.w.org\/{rel}","templated":true}]}}