{"id":51,"date":"2018-05-24T09:13:08","date_gmt":"2018-05-24T09:13:08","guid":{"rendered":"http:\/\/sigeko-jena.de\/?page_id=51"},"modified":"2018-05-24T09:13:08","modified_gmt":"2018-05-24T09:13:08","slug":"impresum","status":"publish","type":"page","link":"https:\/\/sigeko-jena.de\/?page_id=51","title":{"rendered":"Impresum"},"content":{"rendered":"<p>Datenschutzerkl\u00e4rung<br \/>\nDie nachfolgende Datenschutzerkl\u00e4rung gilt f\u00fcr die Nutzung unseres Online-Angebots sigeko-jena.de<br \/>\n(nachfolgend \u201eWebsite\u201c).<br \/>\nWir messen dem Datenschutz gro\u00dfe Bedeutung bei. Die Erhebung und Verarbeitung Ihrer<br \/>\npersonenbezogenen Daten geschieht unter Beachtung der geltenden datenschutzrechtlichen<br \/>\nVorschriften, insbesondere der Datenschutzgrundverordnung (DSGVO).<\/p>\n<p>1 Verantwortlicher<\/p>\n<p>Verantwortlicher f\u00fcr die Erhebung, Verarbeitung und Nutzung Ihrer personenbezogenen Daten im<br \/>\nSinne von Art. 4 Nr. 7 DSGVO ist<br \/>\n&#8211; Stefan Schneiderheinze | Im Wehrigt 10 | 07747 Jena &#8211;<\/p>\n<p>Sofern Sie der Erhebung, Verarbeitung oder Nutzung Ihrer Daten durch uns nach Ma\u00dfgabe dieser<br \/>\nDatenschutzbestimmungen insgesamt oder f\u00fcr einzelne Ma\u00dfnahmen widersprechen wollen, k\u00f6nnen<br \/>\nSie Ihren Widerspruch an den Verantwortlichen richten.<br \/>\nSie k\u00f6nnen diese Datenschutzerkl\u00e4rung jederzeit speichern und ausdrucken.<\/p>\n<p>2 Allgemeine Zwecke der Verarbeitung<\/p>\n<p>Wir verwenden personenbezogene Daten zum Zweck des Betriebs der Website\u00a0 zur Bearbeitung Ihrer Anfrage<\/p>\n<p>3 Welche Daten wir verwenden und warum<\/p>\n<p>3.1 Hosting<br \/>\nDie von uns in Anspruch genommenen Hosting-Leistungen dienen der Zurverf\u00fcgungstellung der<br \/>\nfolgenden Leistungen: Infrastruktur- und Plattformdienstleistungen, Rechenkapazit\u00e4t, Speicherplatz<br \/>\nund Datenbankdienste, Sicherheitsleistungen sowie technische Wartungsleistungen, die wir zum<br \/>\nZweck des Betriebs der Website einsetzen.<br \/>\nHierbei verarbeiten wir, bzw. unser Hostinganbieter Bestandsdaten, Kontaktdaten, Inhaltsdaten,<br \/>\nVertragsdaten, Nutzungsdaten, Meta- und Kommunikationsdaten von Kunden, Interessenten und<br \/>\nBesuchern dieser Website auf Grundlage unserer berechtigten Interessen an einer effizienten und<br \/>\nsicheren Zurverf\u00fcgungstellung unserer Website gem. Art. 6 Abs. 1 S. 1 f) DSGVO i.V.m. Art. 28<br \/>\nDSGVO.<\/p>\n<p>3.2 Zugriffsdaten<br \/>\nWir sammeln Informationen \u00fcber Sie, wenn Sie diese Website nutzen. Wir erfassen automatisch<br \/>\nInformationen \u00fcber Ihr Nutzungsverhalten und Ihre Interaktion mit uns und registrieren Daten zu Ihrem<br \/>\nComputer oder Mobilger\u00e4t. Wir erheben, speichern und nutzen Daten \u00fcber jeden Zugriff auf unsere<br \/>\nWebsite (sogenannte Serverlogfiles). Zu den Zugriffsdaten geh\u00f6ren:<br \/>\n\uf02d Name und URL der abgerufenen Datei<br \/>\n\uf02d Datum und Uhrzeit des Abrufs<br \/>\n\uf02d \u00fcbertragene Datenmenge<br \/>\n\uf02d Meldung \u00fcber erfolgreichen Abruf (HTTP response code)<br \/>\n\uf02d Browsertyp und Browserversion<br \/>\n\uf02d Betriebssystem<br \/>\n\uf02d Referer URL (d.h. die zuvor besuchte Seite)<br \/>\n\uf02d Websites, die vom System des Nutzers \u00fcber unsere Website aufgerufen werden<br \/>\n\uf02d Internet-Service-Provider des Nutzers<br \/>\n\uf02d IP-Adresse und der anfragende Provider<\/p>\n<p>Wir nutzen diese Protokolldaten ohne Zuordnung zu Ihrer Person oder sonstiger Profilerstellung f\u00fcr<br \/>\nstatistische Auswertungen zum Zweck des Betriebs, der Sicherheit und der Optimierung unserer<br \/>\nWebsite, aber auch zur anonymen Erfassung der Anzahl der Besucher auf unserer Website (traffic)<br \/>\nsowie zum Umfang und zur Art der Nutzung unserer Website und Dienste, ebenso zu<br \/>\nAbrechnungszwecken, um die Anzahl der von Kooperationspartnern erhaltenen Clicks zu messen.<br \/>\nAufgrund dieser Informationen k\u00f6nnen wir personalisierte und standortbezogene Inhalte zur<br \/>\nVerf\u00fcgung stellen und den Datenverkehr analysieren, Fehler suchen und beheben und unsere Dienste<br \/>\nverbessern.<br \/>\nHierin liegt auch unser berechtigtes Interesse gem\u00e4\u00df Art 6 Abs. 1 S. 1 f) DSGVO.<br \/>\nWir behalten uns vor, die Protokolldaten nachtr\u00e4glich zu \u00fcberpr\u00fcfen, wenn aufgrund konkreter<br \/>\nAnhaltspunkte der berechtigte Verdacht einer rechtswidrigen Nutzung besteht. IP-Adressen speichern<br \/>\nwir f\u00fcr einen begrenzten Zeitraum in den Logfiles, wenn dies f\u00fcr Sicherheitszwecke erforderlich oder<br \/>\nf\u00fcr die Leistungserbringung oder die Abrechnung einer Leistung n\u00f6tig ist, z. B. wenn Sie eines unserer<br \/>\nAngebote nutzen. Nach Abbruch des Vorgangs der Bestellung oder nach Zahlungseingang l\u00f6schen<br \/>\nwir die IP-Adresse, wenn diese f\u00fcr Sicherheitszwecke nicht mehr erforderlich ist. IP-Adressen<br \/>\nspeichern wir auch dann, wenn wir den konkreten Verdacht einer Straftat im Zusammenhang mit der<br \/>\nNutzung unserer Website haben. Au\u00dferdem speichern wir als Teil Ihres Accounts das Datum Ihres<br \/>\nletzten Besuchs (z.B. bei Registrierung, Login, Klicken von Links etc.).<\/p>\n<p>3.3 Cookies<br \/>\nWir verwenden sogenannte Session-Cookies, um unsere Website zu optimieren. Ein Session-Cookie<br \/>\nist eine kleine Textdatei, die von den jeweiligen Servern beim Besuch einer Internetseite verschickt<br \/>\nund auf Ihrer Festplatte zwischengespeichert wird. Diese Datei als solche enth\u00e4lt eine sogenannte<br \/>\nSession-ID, mit welcher sich verschiedene Anfragen Ihres Browsers der gemeinsamen Sitzung<br \/>\nzuordnen lassen. Dadurch kann Ihr Rechner wiedererkannt werden, wenn Sie auf unsere Website<br \/>\nzur\u00fcckkehren. Diese Cookies werden gel\u00f6scht, nachdem Sie Ihren Browser schlie\u00dfen. Sie dienen z.<br \/>\nB. dazu, dass Sie die Warenkorbfunktion \u00fcber mehrere Seiten hinweg nutzen k\u00f6nnen.<br \/>\nWir verwenden in geringem Umfang auch persistente Cookies (ebenfalls kleine Textdateien, die auf<br \/>\nIhrem Endger\u00e4t abgelegt werden), die auf Ihrem Endger\u00e4t verbleiben und es uns erm\u00f6glichen, Ihren<br \/>\nBrowser beim n\u00e4chsten Besuch wiederzuerkennen. Diese Cookies werden auf Ihrer Festplatte<br \/>\ngespeichert und l\u00f6schen sich nach der vorgegebenen Zeit von allein. Ihre Lebensdauer betr\u00e4gt 1<br \/>\nMonat bis 10 Jahre. So k\u00f6nnen wir Ihnen unser Angebot nutzerfreundlicher, effektiver und sicherer<br \/>\npr\u00e4sentieren und Ihnen beispielsweise speziell auf Ihre Interessen abgestimmte Informationen auf der<br \/>\nSeite anzeigen.<br \/>\nUnser berechtigtes Interesse an der Nutzung der Cookies gem\u00e4\u00df Art 6 Abs. 1 S. 1 f) DSGVO liegt<br \/>\ndarin, unsere Website nutzerfreundlicher, effektiver und sicherer zu machen.<br \/>\nIn den Cookies werden etwa folgende Daten und Informationen gespeichert:<br \/>\n&#8211; Log-In-Informationen<br \/>\n&#8211; Spracheinstellungen<br \/>\n&#8211; eingegebene Suchbegriffe<br \/>\n&#8211; Informationen \u00fcber die Anzahl der Aufrufe unserer Website sowie Nutzung einzelner<br \/>\nFunktionen unseres Internetauftritts.<br \/>\nBei Aktivierung des Cookies wird diesem eine Identifikationsnummer zugewiesen und eine Zuordnung<br \/>\nIhrer personenbezogenen Daten zu dieser Identifikationsnummer wird nicht vorgenommen. Ihr Name,<br \/>\nIhre IP-Adresse oder \u00e4hnliche Daten, die eine Zuordnung des Cookies zu Ihnen erm\u00f6glichen w\u00fcrden,<br \/>\nwerden nicht in den Cookie eingelegt. Auf Basis der Cookie-Technologie erhalten wir lediglich<br \/>\npseudonymisierte Informationen, beispielsweise dar\u00fcber, welche Seiten unseres Shops besucht<br \/>\nwurden, welche Produkte angesehen wurden, etc.<br \/>\nSie k\u00f6nnen Ihren Browser so einstellen, dass Sie \u00fcber das Setzen von Cookies vorab informiert<br \/>\nwerden und im Einzelfall entscheiden k\u00f6nnen, ob Sie die Annahme von Cookies f\u00fcr bestimmte F\u00e4lle<br \/>\noder generell ausschlie\u00dfen, oder dass Cookies komplett verhindert werden. Dadurch kann die<br \/>\nFunktionalit\u00e4t der Website eingeschr\u00e4nkt werden.<br \/>\n3.4 Daten zur Erf\u00fcllung unserer vertraglichen Pflichten<br \/>\nWir verarbeiten personenbezogene Daten, die wir zur Erf\u00fcllung unserer vertraglichen Pflichten<br \/>\nben\u00f6tigen, etwa Name, Adresse, E-Mail-Adresse, bestellte Produkte, Rechnungs- und<br \/>\nZahlungsdaten. Die Erhebung dieser Daten ist f\u00fcr den Vertragsschluss erforderlich.<br \/>\nDie L\u00f6schung der Daten erfolgt nach Ablauf der Gew\u00e4hrleistungsfristen und gesetzlicher<br \/>\nAufbewahrungsfristen. Daten, die mit einem Nutzerkonto verkn\u00fcpft sind (siehe unten), bleiben in<br \/>\njedem Fall f\u00fcr die Zeit der F\u00fchrung dieses Kontos erhalten.<br \/>\nDie Rechtgrundlage f\u00fcr die Verarbeitung dieser Daten ist Art. 6 Abs. 1 S. 1 b) DSGVO, denn diese<br \/>\nDaten werden ben\u00f6tigt, damit wir unsere vertraglichen Pflichten Ihnen gegen\u00fcber erf\u00fcllen k\u00f6nnen.<\/p>\n<p>3.5 Nutzerkonto<br \/>\nSie k\u00f6nnen auf unserer Website ein Nutzerkonto anlegen. W\u00fcnschen Sie dies, so ben\u00f6tigen wir die<br \/>\nbeim Login abgefragten personenbezogenen Daten. Beim sp\u00e4teren Einloggen werden nur Ihre Email<br \/>\nbzw. Benutzername und das von Ihnen gew\u00e4hlte Passwort ben\u00f6tigt.<br \/>\nF\u00fcr die Neuregistrierung erheben wir Stammdaten (z. B. Name, Adresse), Kommunikationsdaten (z.<br \/>\nB. E-Mail-Adresse) und Zahlungsdaten (Bankverbindung) sowie Zugangsdaten (Benutzername u.<br \/>\nPasswort).<br \/>\nUm Ihre ordnungsgem\u00e4\u00dfe Anmeldung sicherzustellen und unautorisierte Anmeldungen durch Dritte<br \/>\nzu verhindern, erhalten Sie nach Ihrer Registrierung einen Aktivierungslink per E-Mail, um Ihren<br \/>\nAccount zu aktivieren. Erst nach erfolgter Registrierung speichern wir die von Ihnen \u00fcbermittelten<br \/>\nDaten dauerhaft in unserem System.<br \/>\nSie k\u00f6nnen ein einmal angelegtes Nutzerkonto jederzeit von uns l\u00f6schen lassen, ohne dass hierf\u00fcr<br \/>\nandere als die \u00dcbermittlungskosten nach den Basistarifen entstehen. Eine Mitteilung in Textform an<br \/>\ndie unter Ziffer 1 genannten Kontaktdaten (z.B. E-Mail, Fax, Brief) reicht hierf\u00fcr aus. Wir werden dann<br \/>\nIhre gespeicherten personenbezogenen Daten l\u00f6schen, soweit wir diese nicht noch zur Abwicklung<br \/>\nvon Bestellungen oder aufgrund gesetzlicher Aufbewahrungspflichten speichern m\u00fcssen.<br \/>\nRechtgrundlage f\u00fcr die Verarbeitung dieser Daten ist Ihre Einwilligung gem\u00e4\u00df Art. 6 Abs. 1 S. 1 a)<br \/>\nDSGVO.<\/p>\n<p>3.6 E-Mail Kontakt<br \/>\nWenn Sie mit uns in Kontakt treten (z. B. per Kontaktformular oder E-Mail), verarbeiten wir Ihre<br \/>\nAngaben zur Bearbeitung der Anfrage sowie f\u00fcr den Fall, dass Anschlussfragen entstehen.<br \/>\nErfolgt die Datenverarbeitung zur Durchf\u00fchrung vorvertraglicher Ma\u00dfnahmen, die auf Ihre Anfrage hin<br \/>\nerfolgen, bzw., wenn Sie bereits unser Kunde sind, zur Durchf\u00fchrung des Vertrages, ist<br \/>\nRechtsgrundlage f\u00fcr diese Datenverarbeitung Art. 6 Abs. 1 S. 1 b) DSGVO.<br \/>\nWeitere personenbezogene Daten verarbeiten wir nur, wenn Sie dazu einwilligen (Art. 6 Abs. 1 S. 1 a)<br \/>\nDSGVO) oder wir ein berechtigtes Interesse an der Verarbeitung Ihrer Daten haben (Art. 6 Abs. 1 S. 1<br \/>\nf) DSGVO). Ein berechtigtes Interesse liegt z. B. darin, auf Ihre E-Mail zu antworten.<\/p>\n<p>4 Speicherdauer<\/p>\n<p>Sofern nicht spezifisch angegeben speichern wir personenbezogene Daten nur so lange, wie dies zur<br \/>\nErf\u00fcllung der verfolgten Zwecke notwendig ist.<br \/>\nIn einigen F\u00e4llen sieht der Gesetzgeber die Aufbewahrung von personenbezogenen Daten vor, etwa<br \/>\nim Steuer- oder Handelsrecht. In diesen F\u00e4llen werden die Daten von uns lediglich f\u00fcr diese<br \/>\ngesetzlichen Zwecke weiter gespeichert, aber nicht anderweitig verarbeitet und nach Ablauf der<br \/>\ngesetzlichen Aufbewahrungsfrist gel\u00f6scht.<br \/>\n6 Ihre Rechte als von der Datenverarbeitung Betroffener<br \/>\nNach den anwendbaren Gesetzen haben Sie verschiedene Rechte bez\u00fcglich Ihrer<br \/>\npersonenbezogenen Daten. M\u00f6chten Sie diese Rechte geltend machen, so richten Sie Ihre Anfrage<br \/>\nbitte per E-Mail oder per Post unter eindeutiger Identifizierung Ihrer Person an die in Ziffer 1 genannte<br \/>\nAdresse.<\/p>\n<p>Nachfolgend finden Sie eine \u00dcbersicht \u00fcber Ihre Rechte.<\/p>\n<p>5.1 Recht auf Best\u00e4tigung und Auskunft<br \/>\nSie haben das Recht auf eine \u00fcbersichtliche Auskunft \u00fcber die Verarbeitung Ihrer personenbezogenen<br \/>\nDaten.<br \/>\nIm Einzelnen:<br \/>\nSie haben jederzeit das Recht, von uns eine Best\u00e4tigung dar\u00fcber zu erhalten, ob Sie betreffende<br \/>\npersonenbezogene Daten verarbeitet werden. Ist dies der Fall, so haben Sie das Recht, von uns eine<br \/>\nunentgeltliche Auskunft \u00fcber die zu Ihnen gespeicherten personenbezogenen Daten nebst einer Kopie<br \/>\ndieser Daten zu verlangen. Des Weiteren besteht ein Recht auf folgende Informationen:<br \/>\n1. die Verarbeitungszwecke;<br \/>\n2. die Kategorien personenbezogener Daten, die verarbeitet werden;<br \/>\n3. die Empf\u00e4nger oder Kategorien von Empf\u00e4ngern, gegen\u00fcber denen die personenbezogenen<br \/>\nDaten offengelegt worden sind oder noch offengelegt werden, insbesondere bei Empf\u00e4ngern<br \/>\nin Drittl\u00e4ndern oder bei internationalen Organisationen;<br \/>\n4. falls m\u00f6glich, die geplante Dauer, f\u00fcr die die personenbezogenen Daten gespeichert werden,<br \/>\noder, falls dies nicht m\u00f6glich ist, die Kriterien f\u00fcr die Festlegung dieser Dauer;<br \/>\n5. das Bestehen eines Rechts auf Berichtigung oder L\u00f6schung der Sie betreffenden<br \/>\npersonenbezogenen Daten oder auf Einschr\u00e4nkung der Verarbeitung durch den<br \/>\nVerantwortlichen oder eines Widerspruchsrechts gegen diese Verarbeitung;<br \/>\n6. das Bestehen eines Beschwerderechts bei einer Aufsichtsbeh\u00f6rde;<br \/>\n7. wenn die personenbezogenen Daten nicht bei Ihnen erhoben werden, alle verf\u00fcgbaren<br \/>\nInformationen \u00fcber die Herkunft der Daten;<br \/>\n8. das Bestehen einer automatisierten Entscheidungsfindung einschlie\u00dflich Profiling gem\u00e4\u00df Art.<br \/>\n22 Abs. 1 und 4 DSGVO und \u2013 zumindest in diesen F\u00e4llen \u2013 aussagekr\u00e4ftige Informationen<br \/>\n\u00fcber die involvierte Logik sowie die Tragweite und die angestrebten Auswirkungen einer<br \/>\nderartigen Verarbeitung f\u00fcr Sie.<br \/>\nWerden personenbezogene Daten an ein Drittland oder an eine internationale Organisation<br \/>\n\u00fcbermittelt, so haben Sie das Recht, \u00fcber die geeigneten Garantien gem\u00e4\u00df Art. 46 DSGVO im<br \/>\nZusammenhang mit der \u00dcbermittlung unterrichtet zu werden.<\/p>\n<p>5.2 Recht auf Berichtigung<\/p>\n<p>Sie haben das Recht, von uns die Berichtigung und ggf. auch Vervollst\u00e4ndigung Sie betreffender<br \/>\npersonenbezogener Daten zu verlangen.<br \/>\nIm Einzelnen:<br \/>\nSie haben das Recht, von uns unverz\u00fcglich die Berichtigung Sie betreffender unrichtiger<br \/>\npersonenbezogener Daten zu verlangen. Unter Ber\u00fccksichtigung der Zwecke der Verarbeitung haben<br \/>\nSie das Recht, die Vervollst\u00e4ndigung unvollst\u00e4ndiger personenbezogener Daten \u2013 auch mittels einer<br \/>\nerg\u00e4nzenden Erkl\u00e4rung \u2013 zu verlangen.<\/p>\n<p>5.3 Recht auf L\u00f6schung (&#8222;Recht auf Vergessenwerden&#8220;)<\/p>\n<p>In einer Reihe von F\u00e4llen sind wir verpflichtet, Sie betreffende personenbezogene Daten zu l\u00f6schen.<br \/>\nIm Einzelnen:<br \/>\nSie haben gem\u00e4\u00df Art. 17 Abs. 1 DSGVO das Recht, von uns zu verlangen, dass Sie betreffende<br \/>\npersonenbezogene Daten unverz\u00fcglich gel\u00f6scht werden, und wir sind verpflichtet, personenbezogene<br \/>\nDaten unverz\u00fcglich zu l\u00f6schen, sofern einer der folgenden Gr\u00fcnde zutrifft:<br \/>\n1. Die personenbezogenen Daten sind f\u00fcr die Zwecke, f\u00fcr die sie erhoben oder auf sonstige<br \/>\nWeise verarbeitet wurden, nicht mehr notwendig.<br \/>\n2. Sie widerrufen Ihre Einwilligung, auf die sich die Verarbeitung gem\u00e4\u00df Art. 6 Abs. 1 S. 1 a)<br \/>\nDSGVO oder Art. 9 Abs. 2 a) DSGVO st\u00fctzte, und es fehlt an einer anderweitigen<br \/>\nRechtsgrundlage f\u00fcr die Verarbeitung.<br \/>\n3. Sie legen gem\u00e4\u00df Art. 21 Abs. 1 DSGVO Widerspruch gegen die Verarbeitung ein und es<br \/>\nliegen keine vorrangigen berechtigten Gr\u00fcnde f\u00fcr die Verarbeitung vor, oder Sie legen<br \/>\ngem\u00e4\u00df Art. 21 Abs. 2 DSGVO Widerspruch gegen die Verarbeitung ein.<br \/>\n4. Die personenbezogenen Daten wurden unrechtm\u00e4\u00dfig verarbeitet.<br \/>\n5. Die L\u00f6schung der personenbezogenen Daten ist zur Erf\u00fcllung einer rechtlichen Verpflichtung<br \/>\nnach dem Unionsrecht oder dem Recht der Mitgliedstaaten erforderlich, dem wir unterliegen.<br \/>\n6. Die personenbezogenen Daten wurden in Bezug auf angebotene Dienste der<br \/>\nInformationsgesellschaft gem\u00e4\u00df Art. 8 Abs. 1 DSGVO erhoben.<br \/>\nHaben wir die personenbezogenen Daten \u00f6ffentlich gemacht und sind wir gem\u00e4\u00df Art. 17 Abs. 1<br \/>\nDSGVO zu deren L\u00f6schung verpflichtet, so treffen wir unter Ber\u00fccksichtigung der verf\u00fcgbaren<br \/>\nTechnologie und der Implementierungskosten angemessene Ma\u00dfnahmen, auch technischer Art, um<br \/>\nf\u00fcr die Datenverarbeitung Verantwortliche, die die personenbezogenen Daten verarbeiten, dar\u00fcber zu<br \/>\ninformieren, dass Sie von ihnen die L\u00f6schung aller Links zu diesen personenbezogenen Daten oder<br \/>\nvon Kopien oder Replikationen dieser personenbezogenen Daten verlangt haben.<\/p>\n<p>5.4 Recht auf Einschr\u00e4nkung der Verarbeitung<\/p>\n<p>In einer Reihe von F\u00e4llen sind Sie berechtigt, von uns eine Einschr\u00e4nkung der Verarbeitung Ihrer<br \/>\npersonenbezogenen Daten zu verlangen.<br \/>\nIm Einzelnen:<br \/>\nSie haben das Recht, von uns die Einschr\u00e4nkung der Verarbeitung zu verlangen, wenn eine der<br \/>\nfolgenden Voraussetzungen gegeben ist:<br \/>\n1. die Richtigkeit der personenbezogenen Daten wird von Ihnen bestritten, und zwar f\u00fcr eine<br \/>\nDauer, die es uns erm\u00f6glicht, die Richtigkeit der personenbezogenen Daten zu \u00fcberpr\u00fcfen,<br \/>\n2. die Verarbeitung unrechtm\u00e4\u00dfig ist und Sie die L\u00f6schung der personenbezogenen Daten<br \/>\nablehnten und stattdessen die Einschr\u00e4nkung der Nutzung der personenbezogenen Daten<br \/>\nverlangt haben;<br \/>\n3. wir die personenbezogenen Daten f\u00fcr die Zwecke der Verarbeitung nicht l\u00e4nger ben\u00f6tigen,<br \/>\nSie die Daten jedoch zur Geltendmachung, Aus\u00fcbung oder Verteidigung von<br \/>\nRechtsanspr\u00fcchen ben\u00f6tigen, oder<br \/>\n4. Sie Widerspruch gegen die Verarbeitung gem\u00e4\u00df Art. 21 Abs. 1 DSGVO eingelegt haben,<br \/>\nsolange noch nicht feststeht, ob die berechtigten Gr\u00fcnde unseres Unternehmens gegen\u00fcber<br \/>\nden Ihren \u00fcberwiegen.<\/p>\n<p>5.5 Recht auf Daten\u00fcbertragbarkeit<\/p>\n<p>Sie haben das Recht, Sie betreffende personenbezogene Daten maschinenlesbar zu erhalten, zu<br \/>\n\u00fcbermitteln, oder von uns \u00fcbermitteln zu lasen.<br \/>\nIm Einzelnen:<br \/>\nSie haben das Recht, die Sie betreffenden personenbezogenen Daten, die Sie uns bereitgestellt<br \/>\nhaben, in einem strukturierten, g\u00e4ngigen und maschinenlesbaren Format zu erhalten, und Sie haben<br \/>\ndas Recht, diese Daten einem anderen Verantwortlichen ohne Behinderung durch uns zu \u00fcbermitteln,<br \/>\nsofern<br \/>\n1. die Verarbeitung auf einer Einwilligung gem\u00e4\u00df Art. 6 Abs. 1 S. 1 a) DSGVO oder Art. 9 Abs. 2<br \/>\na) DSGVO oder auf einem Vertrag gem\u00e4\u00df Art. 6 Abs. 1 S. 1 b) DSGVO beruht und<br \/>\n2. die Verarbeitung mithilfe automatisierter Verfahren erfolgt.<br \/>\nBei der Aus\u00fcbung Ihres Rechts auf Daten\u00fcbertragbarkeit gem\u00e4\u00df Absatz 1 haben Sie das Recht, zu<br \/>\nerwirken, dass die personenbezogenen Daten direkt von uns einem anderen Verantwortlichen<br \/>\n\u00fcbermittelt werden, soweit dies technisch machbar ist.<br \/>\n6.6 Widerspruchsrecht<br \/>\nSie haben das Recht, aus einer rechtm\u00e4\u00dfigen Verarbeitung Ihrer personenbezogenen Daten durch<br \/>\nuns zu widersprechen, wenn sich dies aus Ihrer besonderen Situation begr\u00fcndet und unsere<br \/>\nInteressen an der Verarbeitung nicht \u00fcberwiegen.<br \/>\nIm Einzelnen:<br \/>\nSie haben das Recht, aus Gr\u00fcnden, die sich aus Ihrer besonderen Situation ergeben, jederzeit gegen<br \/>\ndie Verarbeitung Sie betreffender personenbezogener Daten, die aufgrund von Art. 6 Abs. 1 S. 1 e)<br \/>\noder f) DSGVO erfolgt, Widerspruch einzulegen; dies gilt auch f\u00fcr ein auf diese Bestimmungen<br \/>\ngest\u00fctztes Profiling. Wir verarbeiten die personenbezogenen Daten nicht mehr, es sei denn, wir<br \/>\nk\u00f6nnen zwingende schutzw\u00fcrdige Gr\u00fcnde f\u00fcr die Verarbeitung nachweisen, die Ihre Interessen,<br \/>\nRechte und Freiheiten \u00fcberwiegen, oder die Verarbeitung dient der Geltendmachung, Aus\u00fcbung oder<br \/>\nVerteidigung von Rechtsanspr\u00fcchen.<br \/>\nWerden personenbezogene Daten von uns verarbeitet, um Direktwerbung zu betreiben, so haben Sie<br \/>\ndas Recht, jederzeit Widerspruch gegen die Verarbeitung Sie betreffender personenbezogener Daten<br \/>\nzum Zwecke derartiger Werbung einzulegen; dies gilt auch f\u00fcr das Profiling, soweit es mit solcher<br \/>\nDirektwerbung in Verbindung steht.<br \/>\nSie haben das Recht, aus Gr\u00fcnden, die sich aus Ihrer besonderen Situation ergeben, gegen die Sie<br \/>\nbetreffende Verarbeitung Sie betreffender personenbezogener Daten, die zu wissenschaftlichen oder<br \/>\nhistorischen Forschungszwecken oder zu statistischen Zwecken gem\u00e4\u00df Art. 89 Abs. 1 DSGVO erfolgt,<br \/>\nWiderspruch einzulegen, es sei denn, die Verarbeitung ist zur Erf\u00fcllung einer im \u00f6ffentlichen Interesse<br \/>\nliegenden Aufgabe erforderlich.<\/p>\n<p>5.7 Automatisierte Entscheidungen einschlie\u00dflich Profiling<\/p>\n<p>Sie haben das Recht, nicht einer ausschlie\u00dflich auf einer automatisierten Verarbeitung \u2013<br \/>\neinschlie\u00dflich Profiling \u2013 beruhenden Entscheidung unterworfen zu werden, die Ihnen gegen\u00fcber<br \/>\nrechtliche Wirkung entfaltet oder Sie in \u00e4hnlicher Weise erheblich beeintr\u00e4chtigt.<br \/>\nEine automatisierte Entscheidungsfindung auf der Grundlage der erhobenen personenbezogenen<br \/>\nDaten findet nicht statt.<\/p>\n<p>5.8 Recht auf Widerruf einer datenschutzrechtlichen Einwilligung<\/p>\n<p>Sie haben das Recht, eine Einwilligung zur Verarbeitung personenbezogener Daten jederzeit zu<br \/>\nwiderrufen.<\/p>\n<p>5.9 Recht auf Beschwerde bei einer Aufsichtsbeh\u00f6rde<\/p>\n<p>Sie haben das Recht auf Beschwerde bei einer Aufsichtsbeh\u00f6rde, insbesondere in dem Mitgliedstaat<br \/>\nIhres Aufenthaltsorts, Ihres Arbeitsplatzes oder des Orts des mutma\u00dflichen Versto\u00dfes, wenn Sie der<br \/>\nAnsicht sind, dass die Verarbeitung der Sie betreffenden personenbezogenen Daten rechtswidrig ist.<\/p>\n<p>6 Datensicherheit<\/p>\n<p>Wir sind um die Sicherheit Ihrer Daten im Rahmen der geltenden Datenschutzgesetze und<br \/>\ntechnischen M\u00f6glichkeiten maximal bem\u00fcht.<br \/>\nIhre pers\u00f6nlichen Daten werden bei uns verschl\u00fcsselt \u00fcbertragen. Dies gilt f\u00fcr Ihre Bestellungen und<br \/>\nauch f\u00fcr das Kundenlogin. Wir nutzen das Codierungssystem SSL (Secure Socket Layer), weisen<br \/>\njedoch darauf hin, dass die Daten\u00fcbertragung im Internet (z.B. bei der Kommunikation per E-Mail)<br \/>\nSicherheitsl\u00fccken aufweisen kann. Ein l\u00fcckenloser Schutz der Daten vor dem Zugriff durch Dritte ist<br \/>\nnicht m\u00f6glich.<br \/>\nZur Sicherung Ihrer Daten unterhalten wir technische und organisatorische Sicherungsma\u00dfnahmen<br \/>\nentsprechend Art. 32 DSGVO, die wir immer wieder dem Stand der Technik anpassen.<br \/>\nWir gew\u00e4hrleisten au\u00dferdem nicht, dass unser Angebot zu bestimmten Zeiten zur Verf\u00fcgung steht;<br \/>\nSt\u00f6rungen, Unterbrechungen oder Ausf\u00e4lle k\u00f6nnen nicht ausgeschlossen werden. Die von uns<br \/>\nverwendeten Server werden regelm\u00e4\u00dfig sorgf\u00e4ltig gesichert.<\/p>\n<p>7 Weitergabe von Daten an Dritte, keine Daten\u00fcbertragung ins Nicht-EU-Ausland<\/p>\n<p>Grunds\u00e4tzlich verwenden wir Ihre personenbezogenen Daten nur innerhalb unseres Unternehmens.<br \/>\nWenn und soweit wir Dritte im Rahmen der Erf\u00fcllung von Vertr\u00e4gen einschalten (etwa Logistik-<br \/>\nDienstleister), erhalten diese personenbezogene Daten nur in dem Umfang, in welchem die<br \/>\n\u00dcbermittlung f\u00fcr die entsprechende Leistung erforderlich ist.<br \/>\nF\u00fcr den Fall, dass wir bestimmte Teile der Datenverarbeitung auslagern (\u201eAuftragsverarbeitung\u201c),<br \/>\nverpflichten wir Auftragsverarbeiter vertraglich dazu, personenbezogene Daten nur im Einklang mit<br \/>\nden Anforderungen der Datenschutzgesetze zu verwenden und den Schutz der Rechte der<br \/>\nbetroffenen Person zu gew\u00e4hrleisten.<br \/>\nEine Daten\u00fcbertragung an Stellen oder Personen au\u00dferhalb der EU au\u00dferhalb des in dieser<br \/>\nErkl\u00e4rung in Ziffer 4 genannten Falls findet nicht statt und ist nicht geplant.<\/p>\n<p>8 Datenschutzbeauftragter<\/p>\n<p>Sollten Sie noch Fragen oder Bedenken zum Datenschutz haben, so wenden Sie sich bitte an<br \/>\nan die oben genannte Adresse.<\/p>\n","protected":false},"excerpt":{"rendered":"<p>Datenschutzerkl\u00e4rung Die nachfolgende Datenschutzerkl\u00e4rung gilt f\u00fcr die Nutzung unseres Online-Angebots sigeko-jena.de (nachfolgend \u201eWebsite\u201c). Wir messen dem Datenschutz gro\u00dfe Bedeutung bei. Die Erhebung und Verarbeitung Ihrer personenbezogenen Daten geschieht unter Beachtung der geltenden datenschutzrechtlichen Vorschriften, insbesondere der Datenschutzgrundverordnung (DSGVO). 1 Verantwortlicher Verantwortlicher f\u00fcr die Erhebung, Verarbeitung und Nutzung Ihrer personenbezogenen Daten im Sinne von Art. 4 Nr. 7 DSGVO ist &#8211; Stefan Schneiderheinze | Im Wehrigt 10 | 07747 Jena &#8211; Sofern Sie der Erhebung, Verarbeitung oder Nutzung Ihrer Daten durch&#8230;<\/p>\n<p class=\"read-more\"><a class=\"btn btn-default\" href=\"https:\/\/sigeko-jena.de\/?page_id=51\">Weiterlesen<span class=\"screen-reader-text\"> Weiterlesen<\/span><\/a><\/p>\n","protected":false},"author":1,"featured_media":0,"parent":0,"menu_order":0,"comment_status":"closed","ping_status":"closed","template":"","meta":[],"_links":{"self":[{"href":"https:\/\/sigeko-jena.de\/index.php?rest_route=\/wp\/v2\/pages\/51"}],"collection":[{"href":"https:\/\/sigeko-jena.de\/index.php?rest_route=\/wp\/v2\/pages"}],"about":[{"href":"https:\/\/sigeko-jena.de\/index.php?rest_route=\/wp\/v2\/types\/page"}],"author":[{"embeddable":true,"href":"https:\/\/sigeko-jena.de\/index.php?rest_route=\/wp\/v2\/users\/1"}],"replies":[{"embeddable":true,"href":"https:\/\/sigeko-jena.de\/index.php?rest_route=%2Fwp%2Fv2%2Fcomments&post=51"}],"version-history":[{"count":1,"href":"https:\/\/sigeko-jena.de\/index.php?rest_route=\/wp\/v2\/pages\/51\/revisions"}],"predecessor-version":[{"id":52,"href":"https:\/\/sigeko-jena.de\/index.php?rest_route=\/wp\/v2\/pages\/51\/revisions\/52"}],"wp:attachment":[{"href":"https:\/\/sigeko-jena.de\/index.php?rest_route=%2Fwp%2Fv2%2Fmedia&parent=51"}],"curies":[{"name":"wp","href":"https:\/\/api.w.org\/{rel}","templated":true}]}}